1. Let l(x) = -5*t(x) - 3*u(x). Is l(12) composite?
False
Let g(i) = 8*i**2 + 29*i + 101. Is g(-20) prime?
False
Suppose -303 - 33 = -6*k. Let h = 67 - k. Is h a composite number?
False
Let y(z) = -20 - 47*z - 22*z + 24 + 64. Is y(-17) a composite number?
True
Is 124/44 - 3 - 14445/(-11) a composite number?
True
Let l = 2204 - 1251. Is l a composite number?
False
Let r(t) = -28*t - 341. Is r(-15) a prime number?
True
Suppose 5*f - 4*l + 13 = 1, -4*f = -2*l + 6. Suppose 4*y + 5*b - 3153 = f, 6*b = -y + 5*b + 788. Is y a composite number?
False
Let i = -10 + 12. Let d(z) = 872*z + 1. Let t be d(i). Is 12/(-15) + t/25 a prime number?
False
Let m = 2919 + -1508. Is m composite?
True
Let l(r) = 3*r**3 - 5*r**2 - 8*r + 19. Is l(15) a prime number?
False
Suppose 3*h + 12 = 6. Let y be (9 - 4)/(h/(-134)). Suppose a + 4*a = y. Is a prime?
True
Let u = 25153 + 6804. Is u composite?
False
Suppose -8*v + 20*v = 1032828. Is v prime?
True
Let i(d) = d**3 + 6*d**2 - 8*d - 4. Let b be i(-6). Let v = b - 40. Is v prime?
False
Let b(s) = -73*s + 13. Let t(u) = -219*u + 39. Let j(m) = -11*b(m) + 4*t(m). Is j(-12) a composite number?
True
Suppose g = -10*g + 11. Is (-1270 - (g + -1))/(5 - 7) composite?
True
Let r be (-4215)/(-12) - 1/4. Let u be 5/(3 - 897/300). Let d = u - r. Is d composite?
False
Let o(r) = -57*r**3 + 4*r**2 + 5*r + 1. Is o(-3) a prime number?
False
Let a(n) = -1081*n**3 - 24*n - 43. Is a(-2) a composite number?
True
Let g(w) = -33*w - 5. Let i be g(-7). Suppose v - 1955 = -y, -5*y + 11987 = 4*v + 2217. Suppose -4*l + y = i. Is l a composite number?
False
Let o(v) = 55*v**2 + 2*v - 10. Suppose 18 = 3*i + 9. Is o(i) a composite number?
False
Let t(j) = -1731*j**3 - 7*j**2 - 8*j - 1. Is t(-2) prime?
False
Suppose -2*i = -3*i + 2*k - 14, -4*k - 44 = 2*i. Let f = -295 - -294. Is 15 + i - 164/f a prime number?
False
Let b(j) = j**3 + 7*j**2 + 6*j - 7. Let l be b(-5). Suppose 10*k + 339 = l*k. Is k composite?
False
Let l(d) = -4*d - 36. Let i be l(-9). Suppose i = -4*q + 2130 + 322. Is q prime?
True
Let k(o) = -3*o**3 + 15*o**2 - 22*o - 21. Suppose 1 - 4 = 2*a + 5*i, -60 = 5*a + 2*i. Is k(a) prime?
False
Let i = 13079 + -8342. Is i a prime number?
False
Suppose u - 64 = -n - n, 101 = 3*n + 4*u. Suppose -j + 3*v = -n, v - 2 - 1 = 0. Is (-24)/j - 596/(-10) prime?
True
Let n(o) be the second derivative of o**5/10 - 5*o**4/12 + 7*o**3/6 - 7*o**2/2 - 2*o. Let k be n(5). Let u = 272 - k. Is u prime?
False
Is 160544/14 - (-342)/(-798) a prime number?
True
Suppose 57580 + 82844 = 8*w. Is w a prime number?
False
Suppose p - 4*f + 261 = 0, -2*f = 3*p + 464 + 319. Let q = p - -462. Is q composite?
True
Let f(d) = -d**3 - 18*d**2 - 2*d + 23. Let h = 23 - 21. Let u be (35 + 1)*(-1)/h. Is f(u) a prime number?
True
Let g = -1341 + 2996. Is g a composite number?
True
Suppose -j + 3*n + 805 = 0, 12*j + 1602 = 14*j - 2*n. Is j a prime number?
False
Let g = -85 + 467. Is g composite?
True
Suppose 3*j + 946 = 2*u, 0 = 2*u + j - 295 - 643. Suppose -3*w + w = -u. Is w a prime number?
False
Let z = -84 - -294. Suppose 2*p + 8 - z = 0. Let w = 18 + p. Is w a prime number?
False
Suppose 29*n = 1626 + 4435. Is n a composite number?
True
Suppose -790 = -2*a + 26. Let l = a + -275. Is l composite?
True
Let p(h) = 63*h - 4. Let j be p(2). Suppose x + j - 331 = 0. Is x a composite number?
True
Suppose -5*v + 43 = 8. Let a(m) = m**3 - 7*m**2 + m - 4. Let l be a(v). Suppose -5*t - 4*k = -625, 2*t - 595 = -l*t + 2*k. Is t prime?
False
Let g = -186 + 1230. Suppose 2*u + 2*u - g = -4*i, -4*u + 1040 = 3*i. Is u a composite number?
False
Suppose 0 = 5*u - 3 - 17. Suppose -2*i = 3*c - 0*i - 25, 3*i + 5 = u*c. Suppose 168 = 2*w + c*a, a = -0*w + 4*w - 314. Is w a prime number?
True
Let p(a) = -a**3 + 4*a**2 - 7*a + 13. Let v be p(3). Is (v + (2 - 5))/((-20)/6690) composite?
True
Suppose -44*z = -47*z - 45. Let k(q) = -q**3 - 12*q**2 + 20*q + 22. Is k(z) a composite number?
False
Let r be 6/(-9)*6*-1. Suppose 25 = 5*w, r*l - 2*w - 40 = -l. Suppose -l = -5*v, 4*g - 789 - 1145 = -5*v. Is g a prime number?
False
Is (-4)/2 - (-4742 + -1) prime?
False
Suppose a = y + 3*y + 327, -4*y = a - 295. Suppose 0 = -3*s + a + 298. Let t = 414 - s. Is t a prime number?
True
Let h = 18902 + -4193. Is h a prime number?
False
Let j(h) = -79*h - 2. Let c be j(4). Let f = -9 + 23. Is 2/7 - c/f a composite number?
False
Suppose -9*k + 13*k = 12. Suppose -560 = 2*u + k*u. Let c = -27 - u. Is c prime?
False
Suppose -14142 = 215*q - 221*q. Is q a composite number?
False
Let z(d) = -573*d - 4. Let w be z(-1). Let k = 1126 - w. Is k a composite number?
False
Let t(i) = i + 2735. Is t(0) prime?
False
Let g be (2 + 3/(-6))*-8. Let n = g + 18. Suppose 5*c = 4*s - 1158, 5*c + 584 = n*s - 4*s. Is s composite?
True
Let b(v) = 5*v - 1. Suppose -4*s + 2*s - 26 = 0. Let x be b(s). Let m = 145 + x. Is m composite?
False
Let d = -6833 + 12352. Is d prime?
True
Let c(o) = o**2 + 6*o. Let f(q) = q**2 + 6*q - 1. Let a(x) = -4*c(x) + 5*f(x). Let k be a(-7). Is (k - -90)*25/20 a composite number?
True
Let c(i) = 11*i - 13. Let s = -12 - -14. Suppose s*p - 30 = -3*p. Is c(p) prime?
True
Let m(q) = q**3 + q**2 - 21*q - 9. Is m(16) prime?
True
Suppose -5*d + 72905 = 3*y - y, 3*d - 2*y = 43759. Is d a prime number?
False
Let d = 12 - 7. Suppose 4*x + 169 = d*v, 260 = 5*v - x + 79. Let m = v - -1. Is m composite?
True
Let t(u) = 59*u. Let f be t(7). Suppose i - f + 100 = -4*z, -315 = -i - 5*z. Suppose -27 - i = -4*m. Is m a composite number?
False
Suppose 3*q = -4*b + 26769, 2*b + 17846 = 2*q - 2*b. Is q a prime number?
True
Let t = -2463 + 6421. Is t a composite number?
True
Let l(o) = 5*o**2 + 8*o + 7. Let k be l(-5). Suppose -4 = -4*a + k. Suppose 5*z - z = a. Is z composite?
True
Let a = -544 + 377. Let r = -61 - a. Is r prime?
False
Let n(y) = -y**2 + y + 12. Let d be n(0). Let k be (8128/d)/((-4)/(-18)). Suppose -2*q + k = -38. Is q a prime number?
True
Suppose 3*g + 999 = 5*j - 13145, 5*j = 2*g + 14141. Is j a prime number?
False
Let g = 246 - 115. Is g prime?
True
Suppose -10*j = 3*p - 11*j - 101844, -3*p + 101835 = -4*j. Is p prime?
False
Suppose -3*w + 9*w - 24 = 0. Let c(b) = 4*b**3 - 4*b**2 - 4*b - 1. Let f be c(w). Suppose 0*r + 390 = 4*r + 2*p, -3*p = -2*r + f. Is r prime?
False
Let l be ((-10)/4)/((-3)/(-6)). Is l*(-5)/50*2722 a prime number?
True
Let l(d) = -2*d + 69. Let v be l(6). Suppose v*a = 53*a + 2348. Is a composite?
False
Let i be (3*-1)/((-6)/(-16)). Suppose 37103 = 5*n - 197. Is i/(-14) + n/28 composite?
True
Let n(c) = -c**3 - 2*c**2 - 7*c + 1. Let l(t) = -t**2 + 9*t + 14. Let o be l(11). Let z be (2 - (-2 + 1)) + o. Is n(z) composite?
True
Let u(y) = y**2 + 7*y - 7. Let h be u(-8). Let k be (14/42)/(h/15). Suppose -k*v = -v - 1004. Is v a prime number?
True
Is -10 - ((-16203 - -4) + 6) prime?
True
Let j(w) = 90*w**2 + 33*w + 94. Is j(-33) a composite number?
True
Is 199001/33 - (-8)/12 prime?
False
Suppose 0 = -3*k + 204 + 48. Let r = k + 22. Let p = -29 + r. Is p a prime number?
False
Let i(o) = 3 - 5 - 27*o - 8 - 6. Let l be i(9). Let v = l + 678. Is v prime?
True
Let x(r) be the second derivative of -11/6*r**3 + 0 - 1/20*r**5 + 13/12*r**4 + 1/2*r**2 - 2*r. Is x(10) a composite number?
False
Let o(g) = 87*g - 31. Let a be 3 - ((-2)/(-4) + -2)*2. Is o(a) prime?
True
Is (-269454)/18*(-7)/(21/9) a composite number?
False
Let x = -18825 + 34146. Is x a prime number?
False
Is ((-1)/((-3)/3))/((-10)/(-10870)) composite?
False
Suppose 2*r = -3*c + 8919, -4*r - c - 9897 = -27740. Is r a composite number?
True
Suppose 6*f = 2*f - 5*y - 381, -280 = 3*f - 2*y. Suppose 457 = 4*q - k - 328, 4*k - 12 = 0. Let t = q + f. Is t composite?
False
Suppose -1 = 3*b - 7. Suppose 249 = b*g + 91. Is g prime?
True
Let n(g) = 4227*g - 13. Is n(2) a composite number?
True
Let y(b) = b**3 - 3*b**2 - b - 2. Let j be y(3). Let c = j - -7. Suppose c*w = -w + 42. Is w composite?
True
Is (-15)/(-45) - 89726/(-3) a composite number?
True
Let b(u) = 2223*u + 137. Is b(4) a prime number?
True
Let k = 19 + -15. Suppose -4*m + 22 = u, 0*m + k*u = -3*m + 23. Let p(i) = 8*i**3 - 2*i**2 + 2*i + 5. Is p(m) composite?
True
Suppose f = 90 + 173. Suppose 0 = -6*g + 181 + f. Is g a prime number?
False
Let w be 0/((-8)/(-4)) + 211. Let x = w - 15.